+ 4?
6
What is the value of 5 + -1 + 7 - 5 - 5?
1
What is the value of 1 - (-5 + 4) - (-8 + 7)?
3
Calculate 6 - ((-4 - -4) + 0 + 0).
6
Evaluate (0 - 3) + (0 - -6 - 3).
0
Evaluate 2 + -15 + 21 + -8.
0
Calculate (4 + -4 + 2 - -2) + 3.
7
-5 - (-5 - 2) - (3 - 1)
0
What is the value of -6 + (3 - 0) - -2 - -1?
0
-8 - -2 - (40 - 43)
-3
Calculate 2 + -5 + 4 + -2.
-1
What is the value of -9 + 0 + 3 - -3?
-3
What is the value of -1 + -3 + -1 + 8?
3
What is the value of (11 + 6 - 15) + -1 + -6?
-5
What is the value of 8 + -5 + 5 + -1 + -1?
6
Calculate -4 + -1 + (4 - 1).
-2
What is the value of 11 + (5 - 3 - 10)?
3
Evaluate -6 + (5 - 0) + -3.
-4
-1 - (3 - 2 - -3) - 1
-6
What is 7 + 1 - 16 - -9?
1
Calculate (1 - 4) + 6 - (-1 - 1).
5
(-10 - (-6 + -5)) + (-1 - 2)
-2
-1 + (6 - (5 - 3))
3
Calculate (7 - (-8 + 18)) + 8.
5
Calculate 71 + -67 - (-2 - -4).
2
Evaluate -1 + 7 + -3 + 2.
5
Evaluate 5 + -6 + -1 - (1 + 2).
-5
2 + -3 + (7 - 6) + 4
4
What is 10 - (3 + -9 - -14)?
2
Calculate 11 + (-5 - 1) + -11.
-6
What is the value of 43 - 32 - (21 - 2)?
-8
Calculate 7 - 1 - (-17 + -3 - -25).
1
What is the value of (3 - (1 + 1)) + -2?
-1
(-1 - -1) + 1 - (-39 + 39)
1
What is -5 + 14 + 0 + 19 + -21?
7
What is the value of (-1 - -2) + -5 + -1 + 0?
-5
What is the value of -14 + 6 + (-4 - -1) + 2?
-9
Evaluate (2 - 4 - -4) + -6.
-4
Evaluate 1 + (-3 - -5) + (3 - 1).
5
Calculate -1 + 4 + (-1 - 2).
0
-24 + 34 - (7 + 0)
3
What is 0 + (0 - 1) - (6 + 1)?
-8
3 - 2 - (6 + -6)
1
Calculate 1 + 3 + -5 + -1 + 2.
0
What is 2 + -4 - ((2 - 7) + 2)?
1
Calculate -4 + 2 - 0 - -4.
2
What is -2 + 0 - (22 - 24)?
0
-3 - ((2 - 9) + 3)
1
-1 - (-7 - -6) - (2 - 2)
0
What is 0 + (-2 - -12) + -9?
1
Calculate 1 - (-10 + 4) - 12.
-5
Calculate 3 + 2 + 0 + 0 + -2.
3
-10 + (11 - (-5 - -8))
-2
Evaluate 2 + -2 + 2 + 1.
3
(-3 - (2 + -4)) + -3
-4
3 + -2 + 0 + 1
2
Evaluate 1 - (1 + 0 + 5).
-5
Calculate -25 + 23 + -2 + -2.
-6
8 + (4 - 3 - -1)
10
(-3 - (8 - 3)) + -1 + 4
-5
Calculate -2 + -5 + 1 - -4.
-2
What is -24 + -5 + 13 + 6?
-10
-13 - -6 - (-19 - -9)
3
What is (11 - 19) + 15 - 2?
5
What is the value of -3 - ((-10 - 1) + 5)?
3
Evaluate (1 - 0) + 0 + -44 + 48.
5
What is -105 + 100 + (1 - -2 - 2)?
-4
What is 3 + -6 + 3 - 0?
0
What is -6 - -5 - (-4 - (2 + -6))?
-1
3 + 1 + 3 + -3 + 1
5
What is -10 + 5 + 4 - (2 + -5)?
2
Calculate 2 - (-1 + 4 - 5).
4
Calculate (-1 + 2 - -1) + (-52 - -57).
7
Calculate -7 - (-11 - (-1 + 7 + -6)).
4
What is (18 - 15) + -4 + -1?
-2
3 + 5 + -10 + -5
-7
What is the value of -64 - -69 - (0 - -3)?
2
What is -4 - -17 - (-4 - (-1 - 9))?
7
2 - (1 + 2 - (-4 - -7))
2
What is 1 - (-2 + 2 - -4)?
-3
What is the value of -6 - (0 + (-4 - -1))?
-3
(7 - (0 + 4)) + -1
2
What is (3 - 2) + (8 - 12)?
-3
What is -1 - -1 - (-3 + 1)?
2
What is the value of -11 + (11 - (6 - 0))?
-6
Evaluate -1 + -1 - (3 + -13 + 5).
3
Calculate (4 - (1 + 1)) + -2 + 0.
0
Calculate -2 - -11 - (48 + -43).
4
-8 + (1 - -18) - 2
9
Calculate (4 - (1 - (3 + -3))) + 2.
5
What is 1 + -4 + (59 - 56)?
0
Evaluate -3 - (0 - -3) - (5 + -9).
-2
Calculate 5 + (-1 - 1 - 7) + 4.
0
(6 + -20 - -7) + 4
-3
What is 14 + -11 + (-3 - -1)?
1
(10 - 5 - 2) + -3 + 1
1
Calculate 2 + 0 + 5 + -3 + -4.
0
What is (0 - 2) + 3 + (-5 - -6)?
2
Calculate -2 - (-1 + 4 - 5).
0
Calculate -5 + (12 - 6) + 1.
2
What is -3 + -2 + 1 - 0?
-4
-1 - (3 - -1 - 3) - 1
-3
What is 4 + (30 + -31 - (-1 + -3))?
7
What is 3 - (2 - (5 + -6 + 2))?
2
Calculate -3 + -5 + (3 - -5).
0
5 + 2 + -13 - -11
5
Evaluate (3 - 3 - 6) + (-16 - -18).
-4
What is the value of -4 + (2 - (0 + -1)) + -2?
-3
Calculate (-11 - -36) + -22 + -1 + 0.
2
What is 12 + -1 + -1 + -3?
7
What is the value of 3 + (-3 + 2 + -4 - 3)?
-5
What is 0 - 0 - (-3 - -7)?
-4
1 + 1 + (8 - 1 - 9)
0
Evaluate -2 + -2 + 2 + -8 + 6.
-4
What is 2 + 0 + -2 + (7 - 7)?
0
What is the value of 0 + (4 - -8) - (5 - 1)?
8
What is the value of -81 + 84 - (-1 - -3)?
1
Calculate -1 - (-8 - 4) - 6.
5
Calculate -129 - -135 - (0 + 11 + -2).
-3
What is the value of -5 - (-5 + 6 - 5)?
-1
Calculate -3 - (-2 + 3 + -2 + 3).
-5
(-3 - (1 + -2)) + -10 + 8
-4
What is the value of -1 + 7 - -4 - (6 - 2)?
6
Calculate 11 + -13 - (0 + -7).
5
Calculate (-23 - -16) + (0 - -4).
-3
-11 - -5 - (-6 + 1 + -1)
0
What is (-1 + -3 - 1) + 3?
-2
(-2 + -1 - 0) + 3 + -4
-4
What is -4 - (4 - (5 + 5))?
2
Calculate (-8 - -1) + -149 + 149.
-7
103 + -102 - (1 - (3 + -1))
2
What is the value of -2 + (-3 - -3) - (-2 - 3)?
3
What is 7 - (0 + (-6 - -12) + -2)?
3
Evaluate 0 + -1 - (4 - 5).
0
Evaluate -5 + -3 - (-4 + 2).
-6
Evaluate 0 + -1 - (1 - 4 - 2).
4
What is (2 + 1 - 1 - -4) + -11?
-5
Calculate 11 + -14 + 8 + 0 + -2.
3
0 + 8 - (2 - -5)
1
What is the value of 2 + (-4 - (-7 + 9))?
-4
What is the value of -7 + (1 - -9) + -8?
-5
What is 5 - -6 - (-18 + 29)?
0
What is the value of -1 - 0 - (9 + 4 + -13)?
-1
What is the value of 7 + -2 + (2 - (6 - 9))?
10
What is the value of -1 + (4 - -2) + -2?
3
What is the value of -15 + 6 - (1 - (2 + 4))?
-4
6 - (-8 + -3 + 13)
4
What is the value of -2 - (14 + 1 + -13)?
-4
Evaluate (1 - 6) + 16 + -14.
-3
-3 + 0 + 1 + 0
-2
Calculate -3 + -3 + (5 - -1) + 5.
5
Calculate -2 - (-7 + -1) - (3 - -1).
2
What is the value of -1 + 2 - (2 - (0 - 0))?
-1
What is 0 - (0 - (3 - 4))?
-1
Calculate -31 + 32 - (-2 + 3 + 3).
-3
Evaluate -2 + -2 - (2 + -15 - -8).
1
What is the value of -2 - (1 + -5) - -1?
3
5 - -5 - (-11 - -19)
2
0 + -2 + 1 - (-4 + 4)
-1
What is the value of 2 + 2 + (-2 - 0 - -2)?
4
What is the value of -11 - (10 + -38 + 7)?
10
What is 3 - (0 + (4 - -2))?
-3
1 - -5 - (-49 + 55)
0
What is 1 + (-1 - -2) - (2 + -4)?
4
Evaluate 130 + -124 + (1 - -2).
9
2 - (2 - (3 - (1 - 0)))
2
What is the value of 0 - (0 + (-3 - -4 - 0))?
-1
Evaluate -2 + (4 - (0 + 4)).
-2
Calculate -11 + -3 + 14 + -8 - -7.
-1
(-2 - -1) + 1 + (-1 - 3)
-4
Evaluate (-5 - -2) + (3 - (1 - 2)).
1
What is -3 - (-4 + (-3 - (0 + -2)))?
2
Evaluate 0 + (2 - 3 - -4) + -4.
-1
Evaluate (0 - (0 + 4)) + -131 + 136.
1
Evaluate 4 + 2 + 0 + -1 + -1.
4
Evaluate 12 + -1 + -8 + 0.
3
Evaluate 3 - (-1 + (-1 - (-3 + 0))).
2
What is -1 - (2 + 1 - 4)?
0
What is 5 - (10 - (-13 + 10))?
-8
What is 2 + 2 + -1 + 17 + -23?
-3
Evaluate 0 - (4 + (-4 - -3) - -2).
-5
What is 2 - (-6 + 4 + 4 + 6)?
-6
Evaluate 17 + -15 + (-1 - 3).
-2
Calculate (8 - 8) + 2 + (-1 - 0).
1
What is the value of 8 - (3 - 9 - -19)?
-5
Evaluate 6 - ((4 - 4) + 6).
0
Calculate 5 + (1 - 2) - (13 + -14).
5
What is 13 + (-9 - -4) + -14?
-6
What is the value of 7 + -6 + -3 + -1 + 4?
1
Calculate -1 + 0 + (-9 - -13) - -2.
5
Calculate -2 + 4 + -1 - (0 - -4).
-3
Calculate -1 - (-3 - -2 - -2).
-2
Calculate -14 - (-6 - (4 + -2)).
-6
Evaluate 9 - (1 + (4 - (4 + -3))).
5
What is the value of -6 + -2 + 3 - (0 - 2)?
-3
(36 - 42) + (0 - (-11 - 2))
7
Evaluate -6 - (0 + 1 + 6 + -17).
4
What is the value of ((3 - 0) + -1 - -1) + -8?
-5
What is the value of 2 + -2 + 1 + -3?
-2
What is the value of (-19 - -27) + (-1 - 10)?
-3
What is the value of -6 - (2 + 4 - 13)?
1
Calculate 0 - 4 - (1 + -10 - -2).
3
What is the value of 0 - (-6 + -3 + (5 - -3))?
1
Calculate 3 - (7 + -3) - (-21 + 13).
7
What is the value of (9 - 18) + 4 - (0 - 0)?
-5
Calculate (-2 - 3) + (2 - -1) + 4.
2
What is the value of -16 + 7 + 5 - -9?
5
What is (-6 - (-19 + 7)) + (4 - -1)?
11
Evaluate -9 - ((-1 - 1) + -7 + 6).
-6
(-12 - -7) + 0 + (-1 - -11)
5
What is (-2 - -5) + -6 + 3?
0
1 + 0 + 8 + (-1 - 4)
4
What is (-2 - 2 - 0) + (47 - 52)?
-9
What is -67 + 58 + (4 - 1)?
-6
Calculate -15 + (5 - (-5 + 7) - -3).
-9
Calculate (4 - (-4 - -7)) + 0.
1
Evaluate (-6 - -4) + 1 + -2 + -3.
-6
What is -2 + -10 + 8 + (0 - 7)?
-11
0 + -5 + 0 - -4 - 3
-4
What is the value of 0 - -7 - (-33 + 32)?
8
(2 - (2 - -4)) + 9
5
(5 - 9) + (2 - -1 - 2)
-3
Calculate (6 - 6) + 6 - 3.
3
Evaluate (-4 - (1 - (-5 - -13))) + -5.
-2
-6 - (-4 - -3 - 6)
1
Evaluate -4 + 7 - (-6 + 3 + 7).
-1
What is 11 + -8 + (-2 - -2)?
3
Calculate 13 - (4 - -1) - 10.
-2
-6 - (3 - (13 + -9))
-5
What is 4 + (-4 - (-1 - 3))?
4
What is the value of 5 - 2 - -1 - 3?
1
What is the value of (3 - 2) + 1 - (1 + 2)?
-1
What is the value of -1 + (-5 - (-3 - 0))?
-3
Calculate 1 + 4 - (6 + -2).
1
Calculate 223 + -209 + (-17 - 1).
-4
Calculate 4 - 8 - -4 - (-2 - 3).
5
Calculate -8 + (-1 + -1 - (-2 + -3)).
-5
What is (12 - 6) + (0 + 2 - 2)?
6
0 + (3 - 2) - 5
-4
What is (-5 - -10) +